ed by f(-4)?
3
What is the remainder when (-51 - (1 - 5))*-1 is divided by 16?
15
Suppose 4*q = q + 6. Suppose -s = -q*s + 5. Calculate the remainder when 13 is divided by s.
3
Suppose 6 = n - 0. Calculate the remainder when 38 is divided by n.
2
Let u be -15*(-3)/(-15)*-9. Let t = 1 + u. Let j(k) = 14*k**3 + k**2 - k + 1. What is the remainder when t is divided by j(1)?
13
Suppose 0*z + 196 = 7*z. What is the remainder when z is divided by 15?
13
Let u = -103 - -107. What is the remainder when u is divided by 1?
0
Let v(h) = 4*h**2 + 1. Let c be v(-1). Suppose 436 = c*o + 116. What is the remainder when o is divided by 22?
20
Let n = 25 + -8. What is the remainder when 67 is divided by n?
16
Calculate the remainder when (240/84)/(1/7) is divided by 12.
8
Let u be 14/21 - (-4)/(-6). Suppose -2*h + 13 - 51 = 0. Let t = u - h. What is the remainder when t is divided by 7?
5
Suppose f - 20 = -8*x + 5*x, 15 = -2*x + 5*f. Suppose -3*z + 26 + 1 = 0. What is the remainder when z is divided by x?
4
Suppose 0 = -32*s + 31*s + 42. Calculate the remainder when s is divided by 23.
19
Calculate the remainder when 30 is divided by 21/35 - 64/(-10).
2
Let j = -101 + 142. Calculate the remainder when j is divided by 21.
20
Suppose 3*l - 13 - 26 = -3*y, -5*y - 54 = -2*l. Suppose -c - 6 = -55. What is the remainder when c is divided by l?
15
What is the remainder when 37 is divided by (-3 - 0)*(-38)/6?
18
Let b = 6 - -9. Suppose 0 = -2*r - 1 + b. Calculate the remainder when r is divided by (4 + -1)/((-3)/(-4)).
3
Suppose 4*i = -2*y + 69 + 23, -28 = -i - 3*y. What is the remainder when i is divided by 5?
2
Calculate the remainder when (103 - 3)*(4/10 - 0) is divided by 14.
12
Suppose c + 5*q = 31, 3*c + 5*q - 56 = -13. What is the remainder when 8 is divided by c?
2
Suppose -4*q - 290 = -9*q + 4*k, 4*q - 232 = -3*k. Calculate the remainder when q is divided by 20.
18
Suppose -l - 5 = -1. Let z(g) = g**2 - 2*g - 5. What is the remainder when z(l) is divided by 10?
9
Let w = 61 + 155. Suppose 0*r + 20 = -2*r. What is the remainder when (-2)/r + w/20 is divided by 4?
3
Suppose 0 = -0*c - 6*c + 42. Let o = c - -11. What is the remainder when o is divided by 7?
4
Let h = -6 + 29. Suppose 5*u + 3 = -d, 2*d - 6*d + 4*u = -60. Calculate the remainder when h is divided by d.
11
Let d(k) = 9*k + 10. What is the remainder when d(2) is divided by 6?
4
Let x(i) be the second derivative of -i**5/10 - i**4/3 - i**3/2 - i**2 - 5*i. What is the remainder when 15 is divided by x(-2)?
3
What is the remainder when (-2)/10 - 6930/(-25) is divided by 40?
37
Let v = 64 + -92. Suppose 5*f + k = 269, -2*f + 5*f = k + 155. Let o = v + f. Calculate the remainder when o is divided by 9.
7
Suppose n = 5*u + 49, -2*n = -u + 4*u - 59. What is the remainder when 67 is divided by n?
33
Suppose -3*h + 4 = -h. Let m = -2 - h. Calculate the remainder when 1/m - (-45)/4 is divided by 6.
5
Let p(i) be the second derivative of -2*i**3/3 - 9*i**2/2 + 4*i. What is the remainder when p(-7) is divided by 4/(-2)*14/(-4)?
5
Let d(o) = 3*o**2 - 5*o - 14. Let s(j) = 4*j**2 - 4*j - 15. Let g(w) = -6*d(w) + 5*s(w). What is the remainder when g(-6) is divided by ((-2)/(-1) - -13) + -4?
10
Let h = 2 + 2. Suppose 5*z = h*n + 101, z - 5*n + 89 = 5*z. Calculate the remainder when z is divided by 12.
9
Let d be -1 - (-12)/(0 - -2). Suppose 2*l - d*l + 21 = 0. What is the remainder when l is divided by 4?
3
Calculate the remainder when 1 + 2/(-10) - (-1122)/110 is divided by 2.
1
Let u(l) = -l**3 + 17*l**2 - 14*l - 23. Calculate the remainder when 33 is divided by u(16).
6
Let o be 3548/60 - 8/60. Suppose 0 = -2*q + 51 + o. What is the remainder when q is divided by 29?
26
Suppose 4*j - v - 141 = 44, -3*v - 187 = -4*j. Let d(w) = 3*w**3 - w**2 - w - 2. What is the remainder when j is divided by d(2)?
14
Suppose 2*v = 3*x - 17 + 112, 3*v = -5*x + 114. Let f = -21 + v. What is the remainder when f is divided by 12?
10
Let a(x) = x. Let m be a(7). What is the remainder when m*((-1)/1)/(-1) is divided by 4?
3
Suppose 170 = 4*w + 22. Let g be 1*2 - (-5)/5. What is the remainder when w is divided by (52/(-12))/((-1)/g)?
11
Let a = 56 + -10. Let v(z) = z**2 - 3*z + 6. Suppose -34 = -5*c + 3*b - 6, b = -3*c + 14. What is the remainder when a is divided by v(c)?
14
Let c(r) = -4*r - 36. Calculate the remainder when 110 is divided by c(-16).
26
Let a(b) = 30*b**2 + 5*b + 11. Let z(f) = -10*f**2 - 2*f - 4. Let p(n) = 3*a(n) + 8*z(n). Calculate the remainder when p(3) is divided by 30.
28
Suppose 3*j = -3*w + 6*j + 24, 2*j - 9 = -3*w. Suppose -5*c + c + 104 = 2*v, w*v - 260 = -2*c. What is the remainder when v is divided by 9?
7
Let j(v) = 2*v**2 - 6*v - 2. What is the remainder when j(5) is divided by 7?
4
Let t be (-4)/(-5)*10/4. Let y(l) = 15*l**2 - 3*l + 2. Let g be y(t). Calculate the remainder when g*(0 + -3)/(-6) is divided by 10.
8
Suppose 7*y = 2*y. Suppose s + 4 = -y. Let v = 25 + s. What is the remainder when v is divided by 11?
10
What is the remainder when (2/(-4))/((-5)/530) is divided by 18?
17
Suppose -5*h = 14 - 4. Calculate the remainder when 53 is divided by h/5 - 288/(-20).
11
Let n be -48*(-6 + 4)/6. Suppose 0 = 5*m + 3*a + 21 - 6, 3*m - 2*a = -28. Let i = n + m. What is the remainder when 28 is divided by i?
8
Suppose -13 + 6 = -3*g - m, -2 = -2*g - 2*m. Suppose -g*j - 4*r - 79 = 0, 2*r = 2*j + 4*r + 52. Let s = j + 35. Calculate the remainder when 19 is divided by s.
9
Suppose -9*u = -4*u - 5. Calculate the remainder when 1 is divided by u.
0
Suppose 7 + 8 = 5*v. Let d(n) = n**2 + 2*n - 3. Let z be (-3)/(-12) - (-14)/8. What is the remainder when d(z) is divided by v?
2
Suppose 2*p = 4*o - 44, 22 = -o + 3*o + p. Suppose v + 0*v = -q + o, -4*v + q = -39. Calculate the remainder when 29 is divided by v/(-2 - 3*-1).
9
Let i(o) = -2*o**3 + 14*o**2 + o + 8. What is the remainder when i(7) is divided by 12?
3
Let b be ((-2)/5)/(5/(-200)). Suppose -3*f + b = f. What is the remainder when f is divided by 2?
0
Let g = -13 + 19. Suppose -3*y = r - 42 - 23, -4*y - 2*r + 88 = 0. Calculate the remainder when 41 is divided by g/y + 290/14.
20
Suppose -i + 8 = 2. Suppose 6*f - f - 15 = 0. What is the remainder when i is divided by f?
0
Let m(a) = 9*a**2 - 3*a + 5. What is the remainder when m(2) is divided by 19?
16
Suppose -5*a + 42 = -83. Let c = 16 + -9. What is the remainder when a is divided by c?
4
Let n(p) be the third derivative of -p**6/120 + p**5/20 + p**4/24 + p**3/3 + 4*p**2. What is the remainder when n(3) is divided by 3?
2
Suppose 0 = -m + 4 + 12. Let u = m - 9. Suppose -5*j = 5*b - 65, -2*j + 3*j + 65 = 5*b. Calculate the remainder when b is divided by u.
6
Suppose -4*y + 2*y + 4*p = 6, 5*p - 20 = 0. Calculate the remainder when 18 is divided by y.
3
Let i(a) = 2*a**2 + 7*a + 3. Let c be i(-7). Let b = 82 - c. What is the remainder when b is divided by 8?
6
Let h be -1 + 1 + -1 + 23. Let r = -8 + h. What is the remainder when 26 is divided by r?
12
Let s = -19 - -108. Suppose 0 = 3*u - s - 34. Calculate the remainder when u is divided by 21.
20
Suppose 3*y = 9, -3*y + 130 = 4*c - 51. Let l = c - 13. What is the remainder when l is divided by 8?
6
Suppose 5*z - 105 = 180. What is the remainder when z is divided by 20?
17
Suppose -2*u - 87 = -3*u. Let q = u + -51. Let t = -21 + q. What is the remainder when 29 is divided by t?
14
Let p = -122 - -177. Let w = p - 39. Calculate the remainder when 47 is divided by w.
15
Let k(f) = f**3 + 5*f**2 - 6*f + 8. What is the remainder when 12 is divided by k(-6)?
4
Let r(j) = j**3 + 8*j**2 - 12*j - 1. Calculate the remainder when r(-8) is divided by 24.
23
Let x(j) = -j**2 + 5*j - 2. Let k(z) = z. Let r(l) = k(l) - x(l). Calculate the remainder when 26 is divided by r(6).
12
Let i(f) = -f - 1. Let b be i(-1). Calculate the remainder when 22 is divided by 39/3 - (b - -1).
10
Let t be 1*2 + (-60)/(-4). Let x = t + 3. What is the remainder when 77 is divided by x?
17
Suppose -7*a - 41 + 244 = 0. What is the remainder when 173 is divided by a?
28
Let v(b) = 2*b**3 + b**2. Calculate the remainder when v(2) is divided by 7.
6
Let f be 3/2 - 6/(-12). Let c(s) = 2*s**3 + 3*s - 8*s**3 - 5*s - 4*s**f + 1. What is the remainder when c(-2) is divided by 13?
11
Let t(y) = -y